{"id":651,"date":"2024-12-02T22:01:39","date_gmt":"2024-12-02T21:01:39","guid":{"rendered":"https:\/\/laiguillejoyeuse.fr\/?page_id=651"},"modified":"2025-01-17T13:01:54","modified_gmt":"2025-01-17T12:01:54","slug":"costumes-historiques","status":"publish","type":"page","link":"https:\/\/laiguillejoyeuse.fr\/index.php\/costumes-historiques\/","title":{"rendered":"Costumes historiques"},"content":{"rendered":"\t\t<div data-elementor-type=\"wp-page\" data-elementor-id=\"651\" class=\"elementor elementor-651\">\n\t\t\t\t<div class=\"elementor-element elementor-element-97c64b0 e-flex e-con-boxed e-con e-parent\" data-id=\"97c64b0\" data-element_type=\"container\" data-e-type=\"container\">\n\t\t\t\t\t<div class=\"e-con-inner\">\n\t\t<div class=\"elementor-element elementor-element-5cb2dc3 e-con-full e-flex e-con e-child\" data-id=\"5cb2dc3\" data-element_type=\"container\" data-e-type=\"container\">\n\t\t\t\t<div class=\"elementor-element elementor-element-95a870d elementor-widget elementor-widget-heading\" data-id=\"95a870d\" data-element_type=\"widget\" data-e-type=\"widget\" data-widget_type=\"heading.default\">\n\t\t\t\t<div class=\"elementor-widget-container\">\n\t\t\t\t\t<h2 class=\"elementor-heading-title elementor-size-default\">Recr\u00e9er le pass\u00e9<\/h2>\t\t\t\t<\/div>\n\t\t\t\t<\/div>\n\t\t\t\t<div class=\"elementor-element elementor-element-bfef2d2 elementor-widget elementor-widget-text-editor\" data-id=\"bfef2d2\" data-element_type=\"widget\" data-e-type=\"widget\" data-widget_type=\"text-editor.default\">\n\t\t\t\t<div class=\"elementor-widget-container\">\n\t\t\t\t\t\t\t\t\t<p>La cr\u00e9ation de v\u00eatements a tant \u00e9volu\u00e9 au fil des si\u00e8cles. Elle a toujours pour objectif d\u2019orner et de prot\u00e9ger le corps humain, mais a chaque \u00e9poque ses contraintes et ses fantaisies. C\u2019est formidable de pouvoir \u00e9tudier les r\u00e9alisations de nos pr\u00e9d\u00e9cesseurs, de poser un regard sur leurs mondes et leurs quotidiens.<\/p><p>Moi-m\u00eame reconstitutrice, j\u2019ai un souci du d\u00e9tail historique, de respecter l\u2019\u00e9tat actuel de nos connaissances historiques. Mais je dois \u00e9galement coupler \u00e7a avec certaines exigences de tarification.<\/p><p>Sur cette page, je vous propose de discuter de mes compromis techniques, puis de vous diriger sur des pages d\u00e9taillant les costumes que j\u2019ai d\u00e9j\u00e0 travaill\u00e9s et mon interpr\u00e9tation de ceux-ci. Notez cependant que je ne me limite pas \u00e0 ceux-l\u00e0 et que je serais ravie de travailler avec vous sur l\u2019\u00e9poque de votre choix !<\/p>\t\t\t\t\t\t\t\t<\/div>\n\t\t\t\t<\/div>\n\t\t<div class=\"elementor-element elementor-element-00f550f e-con-full e-flex e-con e-child\" data-id=\"00f550f\" data-element_type=\"container\" data-e-type=\"container\">\n\t\t\t\t<div class=\"elementor-element elementor-element-69abd2c elementor-widget elementor-widget-heading\" data-id=\"69abd2c\" data-element_type=\"widget\" data-e-type=\"widget\" data-widget_type=\"heading.default\">\n\t\t\t\t<div class=\"elementor-widget-container\">\n\t\t\t\t\t<h2 class=\"elementor-heading-title elementor-size-default\">Quelles sont mes sources ?<\/h2>\t\t\t\t<\/div>\n\t\t\t\t<\/div>\n\t\t\t\t<div class=\"elementor-element elementor-element-ed47a37 elementor-widget elementor-widget-text-editor\" data-id=\"ed47a37\" data-element_type=\"widget\" data-e-type=\"widget\" data-widget_type=\"text-editor.default\">\n\t\t\t\t<div class=\"elementor-widget-container\">\n\t\t\t\t\t\t\t\t\t<p>Pour discuter de ce point, je vous ai concoct\u00e9 des pages ind\u00e9pendantes sur chaque cas. J\u2019ajouterais de nouvelles pages au fils de mes projets. Je vous invite \u00e0 vous y rendre !<\/p>\t\t\t\t\t\t\t\t<\/div>\n\t\t\t\t<\/div>\n\t\t<div class=\"elementor-element elementor-element-e2d567f e-con-full e-flex e-con e-child\" data-id=\"e2d567f\" data-element_type=\"container\" data-e-type=\"container\">\n\t\t<a class=\"elementor-element elementor-element-a61ff24 e-con-full e-flex e-con e-child\" data-id=\"a61ff24\" data-element_type=\"container\" data-e-type=\"container\" href=\"https:\/\/laiguillejoyeuse.fr\/index.php\/xiiie-siecle\/\">\n\t\t\t\t<div class=\"elementor-element elementor-element-216164d elementor-widget elementor-widget-heading\" data-id=\"216164d\" data-element_type=\"widget\" data-e-type=\"widget\" data-widget_type=\"heading.default\">\n\t\t\t\t<div class=\"elementor-widget-container\">\n\t\t\t\t\t<h2 class=\"elementor-heading-title elementor-size-default\">XIIIe Siecle<\/h2>\t\t\t\t<\/div>\n\t\t\t\t<\/div>\n\t\t\t\t<div class=\"elementor-element elementor-element-9b4dc54 elementor-widget elementor-widget-image\" data-id=\"9b4dc54\" data-element_type=\"widget\" data-e-type=\"widget\" data-widget_type=\"image.default\">\n\t\t\t\t<div class=\"elementor-widget-container\">\n\t\t\t\t\t\t\t\t\t\t\t\t\t\t\t<img fetchpriority=\"high\" decoding=\"async\" width=\"220\" height=\"300\" src=\"https:\/\/laiguillejoyeuse.fr\/wp-content\/uploads\/2024\/10\/IMG_7621-220x300.jpg\" class=\"attachment-medium size-medium wp-image-525\" alt=\"\" srcset=\"https:\/\/laiguillejoyeuse.fr\/wp-content\/uploads\/2024\/10\/IMG_7621-220x300.jpg 220w, https:\/\/laiguillejoyeuse.fr\/wp-content\/uploads\/2024\/10\/IMG_7621-750x1024.jpg 750w, https:\/\/laiguillejoyeuse.fr\/wp-content\/uploads\/2024\/10\/IMG_7621-768x1049.jpg 768w, https:\/\/laiguillejoyeuse.fr\/wp-content\/uploads\/2024\/10\/IMG_7621-1125x1536.jpg 1125w, https:\/\/laiguillejoyeuse.fr\/wp-content\/uploads\/2024\/10\/IMG_7621-1500x2048.jpg 1500w, https:\/\/laiguillejoyeuse.fr\/wp-content\/uploads\/2024\/10\/IMG_7621-scaled.jpg 1875w\" sizes=\"(max-width: 220px) 100vw, 220px\" \/>\t\t\t\t\t\t\t\t\t\t\t\t\t\t\t<\/div>\n\t\t\t\t<\/div>\n\t\t\t\t<\/a>\n\t\t<a class=\"elementor-element elementor-element-30b1f9c e-con-full e-flex e-con e-child\" data-id=\"30b1f9c\" data-element_type=\"container\" data-e-type=\"container\" href=\"https:\/\/laiguillejoyeuse.fr\/index.php\/dame-a-la-cours-des-tudor\/\">\n\t\t\t\t<div class=\"elementor-element elementor-element-75778c4 elementor-widget elementor-widget-heading\" data-id=\"75778c4\" data-element_type=\"widget\" data-e-type=\"widget\" data-widget_type=\"heading.default\">\n\t\t\t\t<div class=\"elementor-widget-container\">\n\t\t\t\t\t<h2 class=\"elementor-heading-title elementor-size-default\">Tudor<\/h2>\t\t\t\t<\/div>\n\t\t\t\t<\/div>\n\t\t\t\t<div class=\"elementor-element elementor-element-6add61b elementor-widget elementor-widget-image\" data-id=\"6add61b\" data-element_type=\"widget\" data-e-type=\"widget\" data-widget_type=\"image.default\">\n\t\t\t\t<div class=\"elementor-widget-container\">\n\t\t\t\t\t\t\t\t\t\t\t\t\t\t\t<img decoding=\"async\" width=\"200\" height=\"300\" src=\"https:\/\/laiguillejoyeuse.fr\/wp-content\/uploads\/2024\/12\/A-Meeting-of-Monarchs-Run-3-1444-200x300.jpg\" class=\"attachment-medium size-medium wp-image-725\" alt=\"\" srcset=\"https:\/\/laiguillejoyeuse.fr\/wp-content\/uploads\/2024\/12\/A-Meeting-of-Monarchs-Run-3-1444-200x300.jpg 200w, https:\/\/laiguillejoyeuse.fr\/wp-content\/uploads\/2024\/12\/A-Meeting-of-Monarchs-Run-3-1444-684x1024.jpg 684w, https:\/\/laiguillejoyeuse.fr\/wp-content\/uploads\/2024\/12\/A-Meeting-of-Monarchs-Run-3-1444-768x1150.jpg 768w, https:\/\/laiguillejoyeuse.fr\/wp-content\/uploads\/2024\/12\/A-Meeting-of-Monarchs-Run-3-1444-1026x1536.jpg 1026w, https:\/\/laiguillejoyeuse.fr\/wp-content\/uploads\/2024\/12\/A-Meeting-of-Monarchs-Run-3-1444-1368x2048.jpg 1368w, https:\/\/laiguillejoyeuse.fr\/wp-content\/uploads\/2024\/12\/A-Meeting-of-Monarchs-Run-3-1444-scaled.jpg 1710w\" sizes=\"(max-width: 200px) 100vw, 200px\" \/>\t\t\t\t\t\t\t\t\t\t\t\t\t\t\t<\/div>\n\t\t\t\t<\/div>\n\t\t\t\t<\/a>\n\t\t\t\t<\/div>\n\t\t\t\t<\/div>\n\t\t\t\t<\/div>\n\t\t<div class=\"elementor-element elementor-element-727918b e-con-full e-flex e-con e-child\" data-id=\"727918b\" data-element_type=\"container\" data-e-type=\"container\">\n\t\t\t\t<div class=\"elementor-element elementor-element-b2d6862 elementor-widget elementor-widget-heading\" data-id=\"b2d6862\" data-element_type=\"widget\" data-e-type=\"widget\" data-widget_type=\"heading.default\">\n\t\t\t\t<div class=\"elementor-widget-container\">\n\t\t\t\t\t<h2 class=\"elementor-heading-title elementor-size-default\">La mati\u00e8re premi\u00e8re : Le tissus<\/h2>\t\t\t\t<\/div>\n\t\t\t\t<\/div>\n\t\t\t\t<div class=\"elementor-element elementor-element-e1e8efd elementor-widget elementor-widget-text-editor\" data-id=\"e1e8efd\" data-element_type=\"widget\" data-e-type=\"widget\" data-widget_type=\"text-editor.default\">\n\t\t\t\t<div class=\"elementor-widget-container\">\n\t\t\t\t\t\t\t\t\t<p>Les textiles ont beaucoup \u00e9volu\u00e9. D\u2019abord tiss\u00e9s \u00e0 la main, les m\u00e9tiers \u00e0 tisser \u00e9voluent, mais la production reste longue et la mati\u00e8re est donc pr\u00e9cieuse. L\u2019ampleur suppose l\u2019opulence mat\u00e9rielle. Le tissu est un signe ostentatoire de richesse.<\/p><p>Il y a un avant et un apr\u00e8s le m\u00e9tier a tiss\u00e9 m\u00e9canique, au d\u00e9but de la r\u00e9volution industrielle. Le tissu devient incroyablement disponible et sa valeur s\u2019effondre. Sa qualit\u00e9 baisse aussi. Les machines tissent moins bien, mais face \u00e0 leur vitesse, les humains perdront la bataille de la concurrence.<\/p><p>Au 19e si\u00e8cle, une seconde r\u00e9volution apparait \u00e9galement. La chimie d\u00e9couvre moult colorants et teintures se synth\u00e8se. Bien que les premiers aient \u00e9t\u00e9 violemment toxiques, les teintures v\u00e9g\u00e9tales reculent \u00e0 leur tour, incapables de rivaliser avec la chimie. (Je vous rassure, le probl\u00e8me de toxicit\u00e9 a \u00e9t\u00e9 trait\u00e9, n\u2019ayez pas peur).<\/p><p>Il y a aujourd\u2019hui quelques artisans qui teintent voir tisse artisanalement leurs tissus. Je travaillerais volontiers de telles mati\u00e8res pour vous, mais je pense que des tissus tiss\u00e9s m\u00e9caniquement et\/ou teints chimiquement suffisent \u00e0 la d\u00e9marche de reconstitution.<\/p><p>Je porte cependant une attention soigneuse \u00e0 la composition de mes tissus. Laine, lin, coton, en fonction de votre \u00e9poque, je pense qu\u2019il est important de garder cette coh\u00e9rence et de choisir des teintes voisines des teintes obtenues par les teintures anciennes.<\/p>\t\t\t\t\t\t\t\t<\/div>\n\t\t\t\t<\/div>\n\t\t\t\t<\/div>\n\t\t<div class=\"elementor-element elementor-element-2b03826 e-con-full e-flex e-con e-child\" data-id=\"2b03826\" data-element_type=\"container\" data-e-type=\"container\">\n\t\t\t\t<div class=\"elementor-element elementor-element-5f9c6bd elementor-widget elementor-widget-image\" data-id=\"5f9c6bd\" data-element_type=\"widget\" data-e-type=\"widget\" data-widget_type=\"image.default\">\n\t\t\t\t<div class=\"elementor-widget-container\">\n\t\t\t\t\t\t\t\t\t\t\t\t\t\t\t<img decoding=\"async\" width=\"1024\" height=\"1024\" src=\"https:\/\/laiguillejoyeuse.fr\/wp-content\/uploads\/2024\/12\/Ajouter-un-titre-1024x1024.png\" class=\"attachment-large size-large wp-image-680\" alt=\"\" srcset=\"https:\/\/laiguillejoyeuse.fr\/wp-content\/uploads\/2024\/12\/Ajouter-un-titre-1024x1024.png 1024w, https:\/\/laiguillejoyeuse.fr\/wp-content\/uploads\/2024\/12\/Ajouter-un-titre-300x300.png 300w, https:\/\/laiguillejoyeuse.fr\/wp-content\/uploads\/2024\/12\/Ajouter-un-titre-150x150.png 150w, https:\/\/laiguillejoyeuse.fr\/wp-content\/uploads\/2024\/12\/Ajouter-un-titre-768x768.png 768w, https:\/\/laiguillejoyeuse.fr\/wp-content\/uploads\/2024\/12\/Ajouter-un-titre-600x600.png 600w, https:\/\/laiguillejoyeuse.fr\/wp-content\/uploads\/2024\/12\/Ajouter-un-titre.png 1080w\" sizes=\"(max-width: 1024px) 100vw, 1024px\" \/>\t\t\t\t\t\t\t\t\t\t\t\t\t\t\t<\/div>\n\t\t\t\t<\/div>\n\t\t<div class=\"elementor-element elementor-element-a24a87a e-con-full e-flex e-con e-child\" data-id=\"a24a87a\" data-element_type=\"container\" data-e-type=\"container\">\n\t\t\t\t<div class=\"elementor-element elementor-element-346af7e elementor-widget elementor-widget-heading\" data-id=\"346af7e\" data-element_type=\"widget\" data-e-type=\"widget\" data-widget_type=\"heading.default\">\n\t\t\t\t<div class=\"elementor-widget-container\">\n\t\t\t\t\t<h2 class=\"elementor-heading-title elementor-size-default\">Machine \u00e0 coudre, pour ou contre ?<\/h2>\t\t\t\t<\/div>\n\t\t\t\t<\/div>\n\t\t\t\t<div class=\"elementor-element elementor-element-e41eb9b elementor-widget elementor-widget-text-editor\" data-id=\"e41eb9b\" data-element_type=\"widget\" data-e-type=\"widget\" data-widget_type=\"text-editor.default\">\n\t\t\t\t<div class=\"elementor-widget-container\">\n\t\t\t\t\t\t\t\t\t<p>Pour.<\/p><p>Voil\u00e0 voil\u00e0\u2026 Ah il faut expliquer pourquoi ?<\/p><p>C\u2019est une question de temps et de durabilit\u00e9. Faire une couture d\u2019assemblage solide est tr\u00e8s chronophage. Si je faisais ce choix, je devrais probablement multiplier par trois ou quatre mes tarifs pour atteindre un taux horaire qui me permette de manger autre chose que des p\u00e2tes top budget. Ni vous ni moi ne voulons cela.<\/p><p>Du fait de l\u2019utilisation de la machine, j\u2019utilise du fil polyester, qui passe mieux dans la machine a coudre.<\/p><p>Sachez cependant que je mets un point d\u2019honneur \u00e0 garder cacher ces points m\u00e9caniques. J\u2019assemble \u00e0 l\u2019aide de coutures anglaises (cf. photos) et je fais nombre de finition \u00e0 la main.<\/p>\t\t\t\t\t\t\t\t<\/div>\n\t\t\t\t<\/div>\n\t\t\t\t<\/div>\n\t\t\t\t<\/div>\n\t\t\t\t\t<\/div>\n\t\t\t\t<\/div>\n\t\t\t\t<\/div>\n\t\t","protected":false},"excerpt":{"rendered":"<p>Recr\u00e9er le pass\u00e9 La cr\u00e9ation de v\u00eatements a tant \u00e9volu\u00e9 au fil des si\u00e8cles. Elle a toujours pour objectif d\u2019orner et de prot\u00e9ger le corps humain, mais a chaque \u00e9poque ses contraintes et ses fantaisies. C\u2019est formidable de pouvoir \u00e9tudier les r\u00e9alisations de nos pr\u00e9d\u00e9cesseurs, de poser un regard sur leurs mondes et leurs quotidiens. [&hellip;]<\/p>\n","protected":false},"author":1,"featured_media":0,"parent":0,"menu_order":0,"comment_status":"closed","ping_status":"closed","template":"","meta":{"ocean_post_layout":"","ocean_both_sidebars_style":"","ocean_both_sidebars_content_width":0,"ocean_both_sidebars_sidebars_width":0,"ocean_sidebar":"","ocean_second_sidebar":"","ocean_disable_margins":"enable","ocean_add_body_class":"","ocean_shortcode_before_top_bar":"","ocean_shortcode_after_top_bar":"","ocean_shortcode_before_header":"","ocean_shortcode_after_header":"","ocean_has_shortcode":"","ocean_shortcode_after_title":"","ocean_shortcode_before_footer_widgets":"","ocean_shortcode_after_footer_widgets":"","ocean_shortcode_before_footer_bottom":"","ocean_shortcode_after_footer_bottom":"","ocean_display_top_bar":"default","ocean_display_header":"default","ocean_header_style":"","ocean_center_header_left_menu":"","ocean_custom_header_template":"","ocean_custom_logo":0,"ocean_custom_retina_logo":0,"ocean_custom_logo_max_width":0,"ocean_custom_logo_tablet_max_width":0,"ocean_custom_logo_mobile_max_width":0,"ocean_custom_logo_max_height":0,"ocean_custom_logo_tablet_max_height":0,"ocean_custom_logo_mobile_max_height":0,"ocean_header_custom_menu":"","ocean_menu_typo_font_family":"","ocean_menu_typo_font_subset":"","ocean_menu_typo_font_size":0,"ocean_menu_typo_font_size_tablet":0,"ocean_menu_typo_font_size_mobile":0,"ocean_menu_typo_font_size_unit":"px","ocean_menu_typo_font_weight":"","ocean_menu_typo_font_weight_tablet":"","ocean_menu_typo_font_weight_mobile":"","ocean_menu_typo_transform":"","ocean_menu_typo_transform_tablet":"","ocean_menu_typo_transform_mobile":"","ocean_menu_typo_line_height":0,"ocean_menu_typo_line_height_tablet":0,"ocean_menu_typo_line_height_mobile":0,"ocean_menu_typo_line_height_unit":"","ocean_menu_typo_spacing":0,"ocean_menu_typo_spacing_tablet":0,"ocean_menu_typo_spacing_mobile":0,"ocean_menu_typo_spacing_unit":"","ocean_menu_link_color":"","ocean_menu_link_color_hover":"","ocean_menu_link_color_active":"","ocean_menu_link_background":"","ocean_menu_link_hover_background":"","ocean_menu_link_active_background":"","ocean_menu_social_links_bg":"","ocean_menu_social_hover_links_bg":"","ocean_menu_social_links_color":"","ocean_menu_social_hover_links_color":"","ocean_disable_title":"default","ocean_disable_heading":"default","ocean_post_title":"","ocean_post_subheading":"","ocean_post_title_style":"","ocean_post_title_background_color":"","ocean_post_title_background":0,"ocean_post_title_bg_image_position":"","ocean_post_title_bg_image_attachment":"","ocean_post_title_bg_image_repeat":"","ocean_post_title_bg_image_size":"","ocean_post_title_height":0,"ocean_post_title_bg_overlay":0.5,"ocean_post_title_bg_overlay_color":"","ocean_disable_breadcrumbs":"default","ocean_breadcrumbs_color":"","ocean_breadcrumbs_separator_color":"","ocean_breadcrumbs_links_color":"","ocean_breadcrumbs_links_hover_color":"","ocean_display_footer_widgets":"default","ocean_display_footer_bottom":"default","ocean_custom_footer_template":"","footnotes":""},"class_list":["post-651","page","type-page","status-publish","hentry","entry"],"yoast_head":"<!-- This site is optimized with the Yoast SEO plugin v27.3 - https:\/\/yoast.com\/product\/yoast-seo-wordpress\/ -->\n<title>Costumes historiques - L&#039;Aiguille Joyeuse<\/title>\n<meta name=\"robots\" content=\"index, follow, max-snippet:-1, max-image-preview:large, max-video-preview:-1\" \/>\n<link rel=\"canonical\" href=\"https:\/\/laiguillejoyeuse.fr\/index.php\/costumes-historiques\/\" \/>\n<meta property=\"og:locale\" content=\"en_US\" \/>\n<meta property=\"og:type\" content=\"article\" \/>\n<meta property=\"og:title\" content=\"Costumes historiques - L&#039;Aiguille Joyeuse\" \/>\n<meta property=\"og:description\" content=\"Recr\u00e9er le pass\u00e9 La cr\u00e9ation de v\u00eatements a tant \u00e9volu\u00e9 au fil des si\u00e8cles. Elle a toujours pour objectif d\u2019orner et de prot\u00e9ger le corps humain, mais a chaque \u00e9poque ses contraintes et ses fantaisies. C\u2019est formidable de pouvoir \u00e9tudier les r\u00e9alisations de nos pr\u00e9d\u00e9cesseurs, de poser un regard sur leurs mondes et leurs quotidiens. [&hellip;]\" \/>\n<meta property=\"og:url\" content=\"https:\/\/laiguillejoyeuse.fr\/index.php\/costumes-historiques\/\" \/>\n<meta property=\"og:site_name\" content=\"L&#039;Aiguille Joyeuse\" \/>\n<meta property=\"article:modified_time\" content=\"2025-01-17T12:01:54+00:00\" \/>\n<meta property=\"og:image\" content=\"https:\/\/laiguillejoyeuse.fr\/wp-content\/uploads\/2024\/10\/IMG_7621-scaled.jpg\" \/>\n\t<meta property=\"og:image:width\" content=\"1875\" \/>\n\t<meta property=\"og:image:height\" content=\"2560\" \/>\n\t<meta property=\"og:image:type\" content=\"image\/jpeg\" \/>\n<meta name=\"twitter:card\" content=\"summary_large_image\" \/>\n<meta name=\"twitter:label1\" content=\"Est. reading time\" \/>\n\t<meta name=\"twitter:data1\" content=\"4 minutes\" \/>\n<script type=\"application\/ld+json\" class=\"yoast-schema-graph\">{\"@context\":\"https:\\\/\\\/schema.org\",\"@graph\":[{\"@type\":\"WebPage\",\"@id\":\"https:\\\/\\\/laiguillejoyeuse.fr\\\/index.php\\\/costumes-historiques\\\/\",\"url\":\"https:\\\/\\\/laiguillejoyeuse.fr\\\/index.php\\\/costumes-historiques\\\/\",\"name\":\"Costumes historiques - L&#039;Aiguille Joyeuse\",\"isPartOf\":{\"@id\":\"https:\\\/\\\/laiguillejoyeuse.fr\\\/#website\"},\"primaryImageOfPage\":{\"@id\":\"https:\\\/\\\/laiguillejoyeuse.fr\\\/index.php\\\/costumes-historiques\\\/#primaryimage\"},\"image\":{\"@id\":\"https:\\\/\\\/laiguillejoyeuse.fr\\\/index.php\\\/costumes-historiques\\\/#primaryimage\"},\"thumbnailUrl\":\"http:\\\/\\\/laiguillejoyeuse.fr\\\/wp-content\\\/uploads\\\/2024\\\/10\\\/IMG_7621-220x300.jpg\",\"datePublished\":\"2024-12-02T21:01:39+00:00\",\"dateModified\":\"2025-01-17T12:01:54+00:00\",\"breadcrumb\":{\"@id\":\"https:\\\/\\\/laiguillejoyeuse.fr\\\/index.php\\\/costumes-historiques\\\/#breadcrumb\"},\"inLanguage\":\"en-US\",\"potentialAction\":[{\"@type\":\"ReadAction\",\"target\":[\"https:\\\/\\\/laiguillejoyeuse.fr\\\/index.php\\\/costumes-historiques\\\/\"]}]},{\"@type\":\"ImageObject\",\"inLanguage\":\"en-US\",\"@id\":\"https:\\\/\\\/laiguillejoyeuse.fr\\\/index.php\\\/costumes-historiques\\\/#primaryimage\",\"url\":\"https:\\\/\\\/laiguillejoyeuse.fr\\\/wp-content\\\/uploads\\\/2024\\\/10\\\/IMG_7621-scaled.jpg\",\"contentUrl\":\"https:\\\/\\\/laiguillejoyeuse.fr\\\/wp-content\\\/uploads\\\/2024\\\/10\\\/IMG_7621-scaled.jpg\",\"width\":1875,\"height\":2560},{\"@type\":\"BreadcrumbList\",\"@id\":\"https:\\\/\\\/laiguillejoyeuse.fr\\\/index.php\\\/costumes-historiques\\\/#breadcrumb\",\"itemListElement\":[{\"@type\":\"ListItem\",\"position\":1,\"name\":\"Accueil\",\"item\":\"https:\\\/\\\/laiguillejoyeuse.fr\\\/\"},{\"@type\":\"ListItem\",\"position\":2,\"name\":\"Costumes historiques\"}]},{\"@type\":\"WebSite\",\"@id\":\"https:\\\/\\\/laiguillejoyeuse.fr\\\/#website\",\"url\":\"https:\\\/\\\/laiguillejoyeuse.fr\\\/\",\"name\":\"L&#039;Aiguille Joyeuse\",\"description\":\"\",\"publisher\":{\"@id\":\"https:\\\/\\\/laiguillejoyeuse.fr\\\/#organization\"},\"potentialAction\":[{\"@type\":\"SearchAction\",\"target\":{\"@type\":\"EntryPoint\",\"urlTemplate\":\"https:\\\/\\\/laiguillejoyeuse.fr\\\/?s={search_term_string}\"},\"query-input\":{\"@type\":\"PropertyValueSpecification\",\"valueRequired\":true,\"valueName\":\"search_term_string\"}}],\"inLanguage\":\"en-US\"},{\"@type\":\"Organization\",\"@id\":\"https:\\\/\\\/laiguillejoyeuse.fr\\\/#organization\",\"name\":\"L&#039;Aiguille Joyeuse\",\"url\":\"https:\\\/\\\/laiguillejoyeuse.fr\\\/\",\"logo\":{\"@type\":\"ImageObject\",\"inLanguage\":\"en-US\",\"@id\":\"https:\\\/\\\/laiguillejoyeuse.fr\\\/#\\\/schema\\\/logo\\\/image\\\/\",\"url\":\"https:\\\/\\\/laiguillejoyeuse.fr\\\/wp-content\\\/uploads\\\/2024\\\/09\\\/cropped-g77.png\",\"contentUrl\":\"https:\\\/\\\/laiguillejoyeuse.fr\\\/wp-content\\\/uploads\\\/2024\\\/09\\\/cropped-g77.png\",\"width\":162,\"height\":44,\"caption\":\"L&#039;Aiguille Joyeuse\"},\"image\":{\"@id\":\"https:\\\/\\\/laiguillejoyeuse.fr\\\/#\\\/schema\\\/logo\\\/image\\\/\"}}]}<\/script>\n<!-- \/ Yoast SEO plugin. -->","yoast_head_json":{"title":"Costumes historiques - L&#039;Aiguille Joyeuse","robots":{"index":"index","follow":"follow","max-snippet":"max-snippet:-1","max-image-preview":"max-image-preview:large","max-video-preview":"max-video-preview:-1"},"canonical":"https:\/\/laiguillejoyeuse.fr\/index.php\/costumes-historiques\/","og_locale":"en_US","og_type":"article","og_title":"Costumes historiques - L&#039;Aiguille Joyeuse","og_description":"Recr\u00e9er le pass\u00e9 La cr\u00e9ation de v\u00eatements a tant \u00e9volu\u00e9 au fil des si\u00e8cles. Elle a toujours pour objectif d\u2019orner et de prot\u00e9ger le corps humain, mais a chaque \u00e9poque ses contraintes et ses fantaisies. C\u2019est formidable de pouvoir \u00e9tudier les r\u00e9alisations de nos pr\u00e9d\u00e9cesseurs, de poser un regard sur leurs mondes et leurs quotidiens. [&hellip;]","og_url":"https:\/\/laiguillejoyeuse.fr\/index.php\/costumes-historiques\/","og_site_name":"L&#039;Aiguille Joyeuse","article_modified_time":"2025-01-17T12:01:54+00:00","og_image":[{"width":1875,"height":2560,"url":"https:\/\/laiguillejoyeuse.fr\/wp-content\/uploads\/2024\/10\/IMG_7621-scaled.jpg","type":"image\/jpeg"}],"twitter_card":"summary_large_image","twitter_misc":{"Est. reading time":"4 minutes"},"schema":{"@context":"https:\/\/schema.org","@graph":[{"@type":"WebPage","@id":"https:\/\/laiguillejoyeuse.fr\/index.php\/costumes-historiques\/","url":"https:\/\/laiguillejoyeuse.fr\/index.php\/costumes-historiques\/","name":"Costumes historiques - L&#039;Aiguille Joyeuse","isPartOf":{"@id":"https:\/\/laiguillejoyeuse.fr\/#website"},"primaryImageOfPage":{"@id":"https:\/\/laiguillejoyeuse.fr\/index.php\/costumes-historiques\/#primaryimage"},"image":{"@id":"https:\/\/laiguillejoyeuse.fr\/index.php\/costumes-historiques\/#primaryimage"},"thumbnailUrl":"http:\/\/laiguillejoyeuse.fr\/wp-content\/uploads\/2024\/10\/IMG_7621-220x300.jpg","datePublished":"2024-12-02T21:01:39+00:00","dateModified":"2025-01-17T12:01:54+00:00","breadcrumb":{"@id":"https:\/\/laiguillejoyeuse.fr\/index.php\/costumes-historiques\/#breadcrumb"},"inLanguage":"en-US","potentialAction":[{"@type":"ReadAction","target":["https:\/\/laiguillejoyeuse.fr\/index.php\/costumes-historiques\/"]}]},{"@type":"ImageObject","inLanguage":"en-US","@id":"https:\/\/laiguillejoyeuse.fr\/index.php\/costumes-historiques\/#primaryimage","url":"https:\/\/laiguillejoyeuse.fr\/wp-content\/uploads\/2024\/10\/IMG_7621-scaled.jpg","contentUrl":"https:\/\/laiguillejoyeuse.fr\/wp-content\/uploads\/2024\/10\/IMG_7621-scaled.jpg","width":1875,"height":2560},{"@type":"BreadcrumbList","@id":"https:\/\/laiguillejoyeuse.fr\/index.php\/costumes-historiques\/#breadcrumb","itemListElement":[{"@type":"ListItem","position":1,"name":"Accueil","item":"https:\/\/laiguillejoyeuse.fr\/"},{"@type":"ListItem","position":2,"name":"Costumes historiques"}]},{"@type":"WebSite","@id":"https:\/\/laiguillejoyeuse.fr\/#website","url":"https:\/\/laiguillejoyeuse.fr\/","name":"L&#039;Aiguille Joyeuse","description":"","publisher":{"@id":"https:\/\/laiguillejoyeuse.fr\/#organization"},"potentialAction":[{"@type":"SearchAction","target":{"@type":"EntryPoint","urlTemplate":"https:\/\/laiguillejoyeuse.fr\/?s={search_term_string}"},"query-input":{"@type":"PropertyValueSpecification","valueRequired":true,"valueName":"search_term_string"}}],"inLanguage":"en-US"},{"@type":"Organization","@id":"https:\/\/laiguillejoyeuse.fr\/#organization","name":"L&#039;Aiguille Joyeuse","url":"https:\/\/laiguillejoyeuse.fr\/","logo":{"@type":"ImageObject","inLanguage":"en-US","@id":"https:\/\/laiguillejoyeuse.fr\/#\/schema\/logo\/image\/","url":"https:\/\/laiguillejoyeuse.fr\/wp-content\/uploads\/2024\/09\/cropped-g77.png","contentUrl":"https:\/\/laiguillejoyeuse.fr\/wp-content\/uploads\/2024\/09\/cropped-g77.png","width":162,"height":44,"caption":"L&#039;Aiguille Joyeuse"},"image":{"@id":"https:\/\/laiguillejoyeuse.fr\/#\/schema\/logo\/image\/"}}]}},"_links":{"self":[{"href":"https:\/\/laiguillejoyeuse.fr\/index.php\/wp-json\/wp\/v2\/pages\/651","targetHints":{"allow":["GET"]}}],"collection":[{"href":"https:\/\/laiguillejoyeuse.fr\/index.php\/wp-json\/wp\/v2\/pages"}],"about":[{"href":"https:\/\/laiguillejoyeuse.fr\/index.php\/wp-json\/wp\/v2\/types\/page"}],"author":[{"embeddable":true,"href":"https:\/\/laiguillejoyeuse.fr\/index.php\/wp-json\/wp\/v2\/users\/1"}],"replies":[{"embeddable":true,"href":"https:\/\/laiguillejoyeuse.fr\/index.php\/wp-json\/wp\/v2\/comments?post=651"}],"version-history":[{"count":37,"href":"https:\/\/laiguillejoyeuse.fr\/index.php\/wp-json\/wp\/v2\/pages\/651\/revisions"}],"predecessor-version":[{"id":839,"href":"https:\/\/laiguillejoyeuse.fr\/index.php\/wp-json\/wp\/v2\/pages\/651\/revisions\/839"}],"wp:attachment":[{"href":"https:\/\/laiguillejoyeuse.fr\/index.php\/wp-json\/wp\/v2\/media?parent=651"}],"curies":[{"name":"wp","href":"https:\/\/api.w.org\/{rel}","templated":true}]}}